en l is divided by r?
28
Suppose -t + 51 = 4*q, 2*q + 81*t - 83*t = 18. Let u = 4 + -2. Suppose u*g - 7 = 3, 114 = 2*b + 4*g. Calculate the remainder when b is divided by q.
11
Let z be (-41 + 2)/(-3) - (-1 + -1). What is the remainder when 1503/z + 1 - 4/(-5) is divided by 58?
44
Suppose 4*x + 5*p - 40 = 23, -57 = -3*x + 6*p. What is the remainder when 4705 is divided by x?
13
Suppose -4*m = 4*u - 64, -3*u = -8*m + 4*m - 69. Let v = -57648 - -57832. Calculate the remainder when v is divided by u.
13
Let k(w) = 2*w**2 - 13*w - 108. Suppose -5*b - 5*y = -95, -27 = -4*b + 3*y + 28. What is the remainder when b is divided by k(-5)?
2
Let s = -20 - -53. What is the remainder when s is divided by (-2052)/756*((-4 - -1) + -4)?
14
Suppose -1505*r + 57554 = -1491*r. What is the remainder when r is divided by 8?
7
Suppose -21554*b + 61854 = -21528*b. What is the remainder when 7149 is divided by b?
12
Let t be (-108)/9 + -25 + 32. Let y(m) = -m**3 - 7*m**2 + 5 + 8 - 10*m - 2. Calculate the remainder when 39 is divided by y(t).
6
Let y = -10372 + 10421. What is the remainder when 175 is divided by y?
28
Let p(b) = -2*b**2 + b - 1. Let o(n) = -7*n**2 - 13*n + 25. Let h(t) = -o(t) + 4*p(t). Calculate the remainder when 162 is divided by h(7).
39
Let h = -5 + 11. Suppose -4*x + 0*y + 20 = -y, -5*y = x + 16. What is the remainder when (x - 7)*70/(-6) is divided by h?
5
Let p = -2721 + 2724. Let r be (-22)/(-4)*24/(-4). Let k = r - -47. Calculate the remainder when k is divided by p.
2
Suppose 11*c - 41*c + 25*c + 245 = 0. Let t(g) = 109*g**2 - 2*g. What is the remainder when t(-2) is divided by c?
48
Let t be 2 + -5 + 11*4. Suppose -40*p = -t*p + 9. Calculate the remainder when 14 is divided by p.
5
Let l = 248 + -53. Let p = l + 24. Suppose 0 = -4*u + 2*o + 172, -2*u - 3*u = 4*o - 228. Calculate the remainder when p is divided by u.
43
What is the remainder when (-35144)/(-1146) - 60/9 is divided by 4*(-1 + 51/12)?
11
Suppose -3*o = -3*n - 195, 24*n + 171 = 3*o + 29*n. Calculate the remainder when 991 is divided by o.
61
Let x = 45122 - 22476. Calculate the remainder when x is divided by 11.
8
Calculate the remainder when 300 is divided by 1/(-1) + 55 + (2 - 3).
35
Let s(y) = y**2 - y + 10. Suppose -5*u = 2*b + 20, 0 = 5*b + 3*u + u + 16. Suppose b = -3*c - 8 - 1. What is the remainder when 85 is divided by s(c)?
19
Let y be ((-20)/(-8) + -4)/(6/(-56)). Suppose -y*s - 20*s = -748. What is the remainder when 84 is divided by s?
18
What is the remainder when 807 is divided by 16*((-135)/(-20) - 3 - 1)?
15
Let m = -241 + 372. Suppose m*u = 124*u + 1596. Calculate the remainder when u is divided by 46.
44
Let u(d) = 17*d - 306. Suppose 2*w + 1216 = 7*w - b, -4*b = -2*w + 490. What is the remainder when w is divided by u(23)?
73
Suppose -g + 7 + 8 = 0. Suppose 0 = 5*h - 2*x - 269, 2*h + 2*x - 100 = -x. Calculate the remainder when h is divided by g.
8
Let h = 18882 + -18828. What is the remainder when 467 is divided by h?
35
Let i(n) = n**3 - 12*n - 11. Let t be i(-3). Let a = -4 - 5. Calculate the remainder when (a - -7)/(t/117) is divided by 17.
15
Calculate the remainder when 1322 - (-18 + (13 - 11)) is divided by 427.
57
Suppose -5*h + 3*i + 495 = i, 3*h - i = 296. Suppose 3*d + 2*z - 323 = 0, -4*d - 4*z = h - 525. Calculate the remainder when d is divided by 39.
31
Suppose -3*f + 7 = -2. Let z = -871 - 720. Let w = 1603 + z. Calculate the remainder when w is divided by f.
0
Calculate the remainder when 393 is divided by 14*(-7)/(-294)*585.
3
Let c = 218 + -211. Suppose -c*d + 125 = -99. What is the remainder when 53 is divided by d?
21
Let s(y) = 208*y - 61. What is the remainder when s(1) is divided by 53?
41
What is the remainder when (527 + 159)*(2 + -1) is divided by 66?
26
Suppose 0 = -10*j + 13*j + 24, -4*h - j + 144 = 0. What is the remainder when 1747 is divided by h?
37
Let h(b) = 244*b - 10217. Calculate the remainder when h(44) is divided by 165.
24
Let u be 243*5/(-10)*2. Calculate the remainder when 30 is divided by (u/18)/(3/(-4)).
12
Let o be (-47)/470 + 31/10. Let d(v) be the second derivative of v**4/4 - 7*v**3/6 + 2*v**2 - v. Calculate the remainder when d(o) is divided by 4.
2
Let k = -524 + 1781. Suppose -k*s + 1249*s = -3736. What is the remainder when s is divided by 95?
87
Let p = -1727 - -1745. Calculate the remainder when 367 is divided by p.
7
Suppose -k + 19 = 4*h - 19, k - h = 13. Suppose -22*a + k*a = -260. Calculate the remainder when 388 is divided by a.
63
Suppose -4*z = -18*z + 434. What is the remainder when 391 is divided by z?
19
Let a(m) = 17*m**2 + 253*m - 2451. What is the remainder when a(10) is divided by 20?
19
What is the remainder when 212 is divided by ((-3)/((-24)/(-134)))/((-40)/160)?
11
Suppose 2*h - 1340 = -3*h + 5*p, -p = -4*h + 1072. Calculate the remainder when h is divided by 144.
124
Let j = -28 - 21. Let z = j - -49. Suppose p - 17 + z = 0. What is the remainder when 65 is divided by p?
14
Suppose 4*u - 520 = 88. Let p(z) = 3*z + 56. Let o be p(-8). Suppose u*x = 150*x + o. What is the remainder when 75 is divided by x?
11
Let u(a) = 30*a**3 + a**2. Let l be u(-1). Let h = l - -41. Let j = 54817 + -54785. What is the remainder when j is divided by h?
8
Let k(n) = 296*n**2 + 4*n. What is the remainder when 1200 is divided by k(1)?
0
Let d(b) = 10*b**2 + 3*b - 2. Let i = 112 + -106. Suppose i*r = -6*r + 1020. Calculate the remainder when r is divided by d(1).
8
Let u(n) = 60*n - 2020. Calculate the remainder when 896 is divided by u(34).
16
Suppose 2*m = -0*m, 5*m = -4*y + 156. Let b = 5725 - 5717. What is the remainder when y is divided by b?
7
Let x be ((-20)/8)/(1/4*-2). What is the remainder when 102 is divided by -104*(x - 11/2)?
50
Suppose -3*b + t = -7*b + 529, t + 136 = b. What is the remainder when 51 is divided by (-812)/b - 4/(-38) - -27?
9
Suppose 48*q = 57*q. Suppose 19*p = -4*n + 14*p + 6, 3*n - 2*p - 16 = q. Calculate the remainder when 5 is divided by n.
1
Suppose 0 = 3*c + 3*d - 9, 0*d + d + 1 = 3*c. Suppose h = c + 24. Let o(q) = 7*q**2 + 275*q - 733. What is the remainder when o(-42) is divided by h?
15
Suppose -57*c + 1 = -56*c. Calculate the remainder when 27 is divided by (-6 - -3)/(c/(-5)).
12
Suppose 0 = -4*x - 27*d + 28*d + 848, 626 = 3*x - 2*d. What is the remainder when x is divided by 202?
12
Let d = -48 + -28. Let b = d + 1. Let z = -52 - b. What is the remainder when z is divided by 13?
10
Let i = -5682 + 6020. What is the remainder when i is divided by 201?
137
Calculate the remainder when 172 is divided by 9715/290 + (-6)/(-4).
32
Suppose 4*s + 7*s - 230525 = -14*s. Calculate the remainder when s is divided by 45.
41
Let f = -757 + 1226. Suppose f = 10*d - 71. What is the remainder when d is divided by 52?
2
Suppose 5*z - 408 = -4*s, 132 = 5*z - 5*s - 258. Suppose -141 = 3*v - 6*v. What is the remainder when v is divided by (-1 - -2)/(5/z)?
15
Let i(p) = -4*p**2 + 139*p + 58. What is the remainder when i(24) is divided by 360?
10
Suppose -12 + 3 = 3*p. Calculate the remainder when 1*(-4 - (p + -74)) is divided by (133/(-21))/((-1)/3).
16
Calculate the remainder when (2 - -1)*8/6 + 230*4 is divided by 65.
14
Let t(x) = 66*x**2 + 589*x - 14. Calculate the remainder when t(-9) is divided by 4.
3
Let i = -1983 - -1992. What is the remainder when 905 is divided by i?
5
Let t(x) = 3*x**2 + 93*x - 78. What is the remainder when t(-35) is divided by 120?
102
Let j(m) = 5*m**2 - 3*m + 1. Let i(s) = -s. Let x be i(-2). Suppose 5*t + 27 = -p + 16, 2*t = -p - 2. What is the remainder when j(x) is divided by p?
3
Let t(i) = i**2 - 5*i - 3. Let g(c) = -c**3 - 25*c**2 - 52*c - 133. Calculate the remainder when t(-3) is divided by g(-23).
1
What is the remainder when 933 is divided by 310 - 2 - 1458/486?
18
Suppose -4*a - 2180 = -5*c, 5*c + 0*c = -2*a + 2150. Suppose 8*u + c = 20*u. What is the remainder when 104 is divided by u?
32
Suppose 5*p - 4057 = t + 475, 0 = 5*p - 5*t - 4500. Calculate the remainder when p is divided by 221.
24
Suppose 0 = -1117*r + 1155*r - 4484. What is the remainder when 628 is divided by r?
38
Suppose -165 = -5*d + 3*s, -16*s + 17*s = d - 35. Let a(l) = 44*l**2 + l + 1. What is the remainder when a(2) is divided by d?
29
Let r(m) = 11*m**2 + 51*m - 7. Let